{"id":514,"date":"2021-04-14T16:18:51","date_gmt":"2021-04-14T15:18:51","guid":{"rendered":"https:\/\/aberconwy.contentcaretaker.co.uk\/?page_id=514"},"modified":"2021-08-23T15:57:38","modified_gmt":"2021-08-23T14:57:38","slug":"gcse-as-and-a-level-qualifications","status":"publish","type":"page","link":"https:\/\/www.aberconwy.conwy.sch.uk\/cy\/gcse-as-and-a-level-qualifications\/","title":{"rendered":"Cymwysterau TGAU, UG a Safon Uwch"},"content":{"rendered":"<p>Annwyl Riant \/ Ofalwr,&nbsp;<\/p>\n\n\n\n<p>Yn gyntaf, gadewch imi ddweud gymaint o bleser oedd gweld eich plant yn \u00f4l yn yr ysgol dros yr ychydig ddyddiau diwethaf. Gobeithio eu bod wedi mwynhau cysylltu \u00e2'u ffrindiau a'u hathrawon eto, ac wedi gallu canolbwyntio ar fynd yn \u00f4l i drefn yr ysgol a gofynion byrddau arholi ar gyfer eu cymwysterau yr haf hwn.<\/p>\n\n\n\n<p>Gyda hyn mewn golwg, rwy&#039;n ysgrifennu gyda diweddariad a rhywfaint o wybodaeth bwysig i chi ar y ffordd y bydd cymwysterau TGAU, UG a Safon Uwch yn cael eu hasesu yr haf hwn. Gallwch ddod o hyd i lythyr, wedi&#039;i gyfeirio at fyfyrwyr ledled Cymru,&nbsp;<a href=\"https:\/\/file-eu.clickdimensions.com\/qualificationswalesorg-a88id\/files\/23marchlettertolearnersfinal.pdf?1616511766524&amp;_cldee=aWFuLmdlcnJhcmRAYWJlcmNvbnd5LmNvbnd5LnNjaC51aw%3d%3d&amp;recipientid=contact-0d82dcfe8de7e51180f45065f38af951-32b7f8c62909463893e1a5fff2e43786&amp;esid=3a0db206-e58b-eb11-b1ac-000d3a49994d\"><span class=\"has-inline-color has-vivid-red-color\">YMA<\/span><\/a>, a manylion y pethau y byddwn yn eu gwneud fel ysgol isod.<\/p>\n\n\n\n<p>Byddwch eisoes yn gwybod:<\/p>\n\n\n\n<ul class=\"wp-block-list\"><li>Bydd ysgolion yn pennu graddau TGAU, UG a Safon Uwch ar gyfer myfyrwyr eleni, yn hytrach na&#039;r broses arholi draddodiadol,<\/li><li>Byddwn yn casglu tystiolaeth i gefnogi&#039;r dyfarniadau hyn yn ystod gweddill y flwyddyn academaidd hon,<\/li><li>Rhoddir graddau dros dro i fyfyrwyr yn gynnar i ganol mis Mehefin.<\/li><li>Gall myfyrwyr ofyn inni eu hadolygu bryd hynny cyn eu cyflwyno i fyrddau arholi ddiwedd mis Mehefin.<\/li><li>Rhoddir y canlyniadau terfynol i fyfyrwyr ar Awst 10<sup>fed<\/sup>&nbsp;(Lefel UG \/ A) ac Awst 12<sup>fed<\/sup>&nbsp;(Lefel TGAU)<\/li><li>Bydd proses apelio ychwanegol yn dilyn y diwrnodau canlyniadau hyn, pe bai&#039;r angen yn codi.<\/li><\/ul>\n\n\n\n<p>Rydym yn ymwybodol iawn o&#039;r pwysau y bydd rhai myfyrwyr yn ei deimlo wrth i&#039;r broses casglu tystiolaeth barhau dros yr wythnosau nesaf, ac rydym am eich sicrhau y byddwn yn gwneud ein gorau glas i drefnu cwestiynau a thasgau mor sensitif \u00e2 phosibl yn ystod y cyfnod hwnnw. Gall myfyrwyr a fyddai fel arfer yn disgwyl gofynion mynediad ychwanegol fod yn dawel eu meddwl y bydd y rhain ar waith yn \u00f4l yr angen.<\/p>\n\n\n\n<p>Teimlwn mai un o&#039;r pethau pwysicaf y gallwn ei wneud i helpu yw rhoi gwybodaeth gywir ac amserol i chi. Felly hoffem eich gwahodd i:<\/p>\n\n\n\n<ol class=\"wp-block-list\"><li>ddarllen y ddogfen atodedig yn crynhoi pa dystiolaeth y byddwn yn ei chasglu ar gyfer pob pwnc dros yr wythnosau nesaf.<\/li><li>fynychu sesiwn Holi ac Ateb, a gynhelir yn rhithiol trwy TEAMs, gydag uwch staff am 11am ddydd Iau 25<sup>fed<\/sup>&nbsp;Mawrth (<a href=\"https:\/\/teams.microsoft.com\/l\/meetup-join\/19%3ameeting_NmFkMTljYTktYmY0OC00NWE0LWI0ZDktYTcxZDhkOWY0ODJi%40thread.v2\/0?context=%7b%22Tid%22%3a%2279466bed-0ae6-4724-bc07-5805dc281694%22%2c%22Oid%22%3a%22ab88442d-728f-4ac2-9567-4e0ebd6a75de%22%7d\"><span class=\"has-inline-color has-vivid-red-color\">CLICIWCH YMA<\/span><\/a>) neu 4pm ddydd Gwener 26<sup>fed<\/sup>&nbsp;Mawrth (<a href=\"https:\/\/teams.microsoft.com\/l\/meetup-join\/19%3ameeting_ZTJkZDk5YzAtY2E0My00M2JhLWIzNGMtMmU5M2UzM2I2NmJm%40thread.v2\/0?context=%7b%22Tid%22%3a%2279466bed-0ae6-4724-bc07-5805dc281694%22%2c%22Oid%22%3a%22ab88442d-728f-4ac2-9567-4e0ebd6a75de%22%7d\"><span class=\"has-inline-color has-vivid-red-color\">CLICIWCH YMA<\/span><\/a>). Byddwn yn trefnu digwyddiadau pellach yn gynnar y tymor nesaf, felly os na allwch fynychu'r sesiynau hyn, cadwch lygad ar y rhain.<\/li><\/ol>\n\n\n\n<p>Gobeithiwn y bydd y wybodaeth hon yn ddefnyddiol ichi ac y cymerwch amser i edrych drwyddi gyda&#039;ch mab neu ferch i&#039;w cefnogi ar yr adeg bwysig hon. Os gallwn gynnig unrhyw gymorth, arweiniad neu gefnogaeth bellach, peidiwch ag oedi cyn cysylltu.<\/p>\n\n\n\n<p>Yn gywir iawn<\/p>\n\n\n\n<p>Ian Gerrard<\/p>\n\n\n\n<p>Pennaeth<\/p>","protected":false},"excerpt":{"rendered":"<p>Dear Parent\/Carer,&nbsp; Firstly, let me say what a pleasure it has been to see your children back in school over the last few days.&nbsp; I hope they have enjoyed linking up with their friends and their teachers again, and have been able to focus on getting back into the routine of school and the requirements [&hellip;]<\/p>\n","protected":false},"author":4,"featured_media":0,"parent":0,"menu_order":0,"comment_status":"closed","ping_status":"closed","template":"","meta":{"_acf_changed":false,"footnotes":""},"class_list":["post-514","page","type-page","status-publish","hentry"],"acf":[],"featured_image_src":null,"_links":{"self":[{"href":"https:\/\/www.aberconwy.conwy.sch.uk\/cy\/wp-json\/wp\/v2\/pages\/514","targetHints":{"allow":["GET"]}}],"collection":[{"href":"https:\/\/www.aberconwy.conwy.sch.uk\/cy\/wp-json\/wp\/v2\/pages"}],"about":[{"href":"https:\/\/www.aberconwy.conwy.sch.uk\/cy\/wp-json\/wp\/v2\/types\/page"}],"author":[{"embeddable":true,"href":"https:\/\/www.aberconwy.conwy.sch.uk\/cy\/wp-json\/wp\/v2\/users\/4"}],"replies":[{"embeddable":true,"href":"https:\/\/www.aberconwy.conwy.sch.uk\/cy\/wp-json\/wp\/v2\/comments?post=514"}],"version-history":[{"count":3,"href":"https:\/\/www.aberconwy.conwy.sch.uk\/cy\/wp-json\/wp\/v2\/pages\/514\/revisions"}],"predecessor-version":[{"id":2155,"href":"https:\/\/www.aberconwy.conwy.sch.uk\/cy\/wp-json\/wp\/v2\/pages\/514\/revisions\/2155"}],"wp:attachment":[{"href":"https:\/\/www.aberconwy.conwy.sch.uk\/cy\/wp-json\/wp\/v2\/media?parent=514"}],"curies":[{"name":"wp","href":"https:\/\/api.w.org\/{rel}","templated":true}]}}

<p>Annwyl Riant / Ofalwr,&nbsp;</p>



<p>Yn gyntaf, gadewch imi ddweud gymaint o bleser oedd gweld eich plant yn ôl yn yr ysgol dros yr ychydig ddyddiau diwethaf. Gobeithio eu bod wedi mwynhau cysylltu â'u ffrindiau a'u hathrawon eto, ac wedi gallu canolbwyntio ar fynd yn ôl i drefn yr ysgol a gofynion byrddau arholi ar gyfer eu cymwysterau yr haf hwn.</p>



<p>Gyda hyn mewn golwg, rwy&#039;n ysgrifennu gyda diweddariad a rhywfaint o wybodaeth bwysig i chi ar y ffordd y bydd cymwysterau TGAU, UG a Safon Uwch yn cael eu hasesu yr haf hwn. Gallwch ddod o hyd i lythyr, wedi&#039;i gyfeirio at fyfyrwyr ledled Cymru,&nbsp;<a href="https://file-eu.clickdimensions.com/qualificationswalesorg-a88id/files/23marchlettertolearnersfinal.pdf?1616511766524&amp;_cldee=aWFuLmdlcnJhcmRAYWJlcmNvbnd5LmNvbnd5LnNjaC51aw%3d%3d&amp;recipientid=contact-0d82dcfe8de7e51180f45065f38af951-32b7f8c62909463893e1a5fff2e43786&amp;esid=3a0db206-e58b-eb11-b1ac-000d3a49994d"><span class="has-inline-color has-vivid-red-color">YMA</span></a>, a manylion y pethau y byddwn yn eu gwneud fel ysgol isod.</p>



<p>Byddwch eisoes yn gwybod:</p>



<ul class="wp-block-list"><li>Bydd ysgolion yn pennu graddau TGAU, UG a Safon Uwch ar gyfer myfyrwyr eleni, yn hytrach na&#039;r broses arholi draddodiadol,</li><li>Byddwn yn casglu tystiolaeth i gefnogi&#039;r dyfarniadau hyn yn ystod gweddill y flwyddyn academaidd hon,</li><li>Rhoddir graddau dros dro i fyfyrwyr yn gynnar i ganol mis Mehefin.</li><li>Gall myfyrwyr ofyn inni eu hadolygu bryd hynny cyn eu cyflwyno i fyrddau arholi ddiwedd mis Mehefin.</li><li>Rhoddir y canlyniadau terfynol i fyfyrwyr ar Awst 10<sup>fed</sup>&nbsp;(Lefel UG / A) ac Awst 12<sup>fed</sup>&nbsp;(Lefel TGAU)</li><li>Bydd proses apelio ychwanegol yn dilyn y diwrnodau canlyniadau hyn, pe bai&#039;r angen yn codi.</li></ul>



<p>Rydym yn ymwybodol iawn o&#039;r pwysau y bydd rhai myfyrwyr yn ei deimlo wrth i&#039;r broses casglu tystiolaeth barhau dros yr wythnosau nesaf, ac rydym am eich sicrhau y byddwn yn gwneud ein gorau glas i drefnu cwestiynau a thasgau mor sensitif â phosibl yn ystod y cyfnod hwnnw. Gall myfyrwyr a fyddai fel arfer yn disgwyl gofynion mynediad ychwanegol fod yn dawel eu meddwl y bydd y rhain ar waith yn ôl yr angen.</p>



<p>Teimlwn mai un o&#039;r pethau pwysicaf y gallwn ei wneud i helpu yw rhoi gwybodaeth gywir ac amserol i chi. Felly hoffem eich gwahodd i:</p>



<ol class="wp-block-list"><li>ddarllen y ddogfen atodedig yn crynhoi pa dystiolaeth y byddwn yn ei chasglu ar gyfer pob pwnc dros yr wythnosau nesaf.</li><li>fynychu sesiwn Holi ac Ateb, a gynhelir yn rhithiol trwy TEAMs, gydag uwch staff am 11am ddydd Iau 25<sup>fed</sup>&nbsp;Mawrth (<a href="https://teams.microsoft.com/l/meetup-join/19%3ameeting_NmFkMTljYTktYmY0OC00NWE0LWI0ZDktYTcxZDhkOWY0ODJi%40thread.v2/0?context=%7b%22Tid%22%3a%2279466bed-0ae6-4724-bc07-5805dc281694%22%2c%22Oid%22%3a%22ab88442d-728f-4ac2-9567-4e0ebd6a75de%22%7d"><span class="has-inline-color has-vivid-red-color">CLICIWCH YMA</span></a>) neu 4pm ddydd Gwener 26<sup>fed</sup>&nbsp;Mawrth (<a href="https://teams.microsoft.com/l/meetup-join/19%3ameeting_ZTJkZDk5YzAtY2E0My00M2JhLWIzNGMtMmU5M2UzM2I2NmJm%40thread.v2/0?context=%7b%22Tid%22%3a%2279466bed-0ae6-4724-bc07-5805dc281694%22%2c%22Oid%22%3a%22ab88442d-728f-4ac2-9567-4e0ebd6a75de%22%7d"><span class="has-inline-color has-vivid-red-color">CLICIWCH YMA</span></a>). Byddwn yn trefnu digwyddiadau pellach yn gynnar y tymor nesaf, felly os na allwch fynychu'r sesiynau hyn, cadwch lygad ar y rhain.</li></ol>



<p>Gobeithiwn y bydd y wybodaeth hon yn ddefnyddiol ichi ac y cymerwch amser i edrych drwyddi gyda&#039;ch mab neu ferch i&#039;w cefnogi ar yr adeg bwysig hon. Os gallwn gynnig unrhyw gymorth, arweiniad neu gefnogaeth bellach, peidiwch ag oedi cyn cysylltu.</p>



<p>Yn gywir iawn</p>



<p>Ian Gerrard</p>



<p>Pennaeth</p>
